{"id":356,"date":"2024-11-29T10:29:00","date_gmt":"2024-11-29T09:29:00","guid":{"rendered":"https:\/\/clement-astroguide.fr\/?page_id=356"},"modified":"2025-01-22T15:31:01","modified_gmt":"2025-01-22T14:31:01","slug":"observations-astronomiques","status":"publish","type":"page","link":"https:\/\/clement-astroguide.fr\/index.php\/observations-astronomiques\/","title":{"rendered":"Observations astronomiques"},"content":{"rendered":"\n<h2 class=\"wp-block-heading has-text-align-center has-ast-global-color-3-color has-ast-global-color-5-background-color has-text-color has-background has-link-color wp-elements-5bffed10a973797513c6c4459b8527d8\">Observations astronomiques<\/h2>\n\n\n\n<div class=\"wp-block-media-text is-stacked-on-mobile is-image-fill-element has-ast-global-color-5-background-color has-background\" style=\"grid-template-columns:28% auto\"><figure class=\"wp-block-media-text__media\"><img loading=\"lazy\" decoding=\"async\" width=\"683\" height=\"1024\" src=\"https:\/\/clement-astroguide.fr\/wp-content\/uploads\/2024\/11\/pexels-photo-8495484-683x1024.jpeg\" alt=\"\" class=\"wp-image-358 size-full\" style=\"object-position:47% 55%\" srcset=\"https:\/\/clement-astroguide.fr\/wp-content\/uploads\/2024\/11\/pexels-photo-8495484-683x1024.jpeg 683w, https:\/\/clement-astroguide.fr\/wp-content\/uploads\/2024\/11\/pexels-photo-8495484-200x300.jpeg 200w, https:\/\/clement-astroguide.fr\/wp-content\/uploads\/2024\/11\/pexels-photo-8495484-768x1152.jpeg 768w, https:\/\/clement-astroguide.fr\/wp-content\/uploads\/2024\/11\/pexels-photo-8495484.jpeg 1000w\" sizes=\"auto, (max-width: 683px) 100vw, 683px\" \/><\/figure><div class=\"wp-block-media-text__content\">\n<p style=\"font-style:italic;font-weight:300\">Tout commence par un rendez-vous au coucher du soleil. Le temps que la nuit tombe, je pr\u00e9sente le fonctionnement des t\u00e9lescopes, ce que nous allons pouvoir observer, je vous parle de la nuit et des saisons.<\/p>\n\n\n\n<p style=\"font-style:italic;font-weight:300\">Avec l\u2019obscurit\u00e9 qui s\u2019installe nous pouvons observer les premiers astres visibles, la lune et les plan\u00e8tes. Je vais vous guider car d\u00e9couvrir c&#8217;est voir et comprendre<\/p>\n\n\n\n<p style=\"font-style:italic;font-weight:300\">Puis les premi\u00e8res \u00e9toiles apparaissent, l\u2019occasion de parler d\u2019elles et de voir appara\u00eetre des constellations.<\/p>\n\n\n\n<p style=\"font-style:italic;font-weight:300\">Une heure apr\u00e8s le coucher du soleil, un nouvel acte commence, le ciel est d\u00e9sormais assez sombre pour nous pr\u00e9senter des objets invisibles \u00e0 l\u2019\u0153il. N\u00e9buleuses, galaxies et autres amas s\u2019offrent \u00e0 nous, l\u2019occasion de d\u2019effleurer la merveilleuse diversit\u00e9 du ciel profond.<\/p>\n\n\n\n<p><\/p>\n\n\n\n<p style=\"font-style:normal;font-weight:600;text-decoration:underline\">Que peut-on observer ?<\/p>\n\n\n\n<p style=\"font-style:italic;font-weight:300\">La lune qu\u2019il s\u2019agisse d\u2019un fin croissant ou d\u2019un disque tr\u00e8s lumineux, l\u2019on peut y voir mers, crat\u00e8res, montagnes et vall\u00e9es qui sont autant de t\u00e9moins de l\u2019histoire de notre exceptionnel satellite ;<\/p>\n\n\n\n<p style=\"font-style:italic;font-weight:300\">Les plan\u00e8tes du syst\u00e8me solaire, particuli\u00e8rement Saturne et ses anneaux ou Jupiter et ses lunes ;<\/p>\n\n\n\n<p style=\"font-style:italic;font-weight:300\">Des \u00e9toiles de couleurs diff\u00e9rentes, seules ou accompagn\u00e9es, proches ou \u00e9loign\u00e9es  \u00e0 d\u00e9couvrir ;<\/p>\n\n\n\n<p style=\"font-style:italic;font-weight:300\">Des n\u00e9buleuses, nuages de gaz dans le cosmos qui t\u00e9moignent de la vie tr\u00e9pidante des \u00e9toiles ;<\/p>\n\n\n\n<p style=\"font-style:italic;font-weight:300\">Des galaxies aussi lointaines que magnifiques, vues sous toutes les coutures.<\/p>\n<\/div><\/div>\n\n\n\n<p><\/p>\n\n\n\n<div class=\"wp-block-columns has-ast-global-color-5-background-color has-background is-layout-flex wp-container-core-columns-is-layout-9503679e wp-block-columns-is-layout-flex\">\n<div class=\"wp-block-column has-border-color has-ast-global-color-3-border-color has-ast-global-color-5-background-color has-background is-layout-flow wp-block-column-is-layout-flow\" style=\"border-width:1px\">\n<h5 class=\"wp-block-heading has-text-align-center has-ast-global-color-3-color has-text-color has-link-color has-large-font-size wp-elements-712a2cf5051cd9a66fd74ed76a0167d5\" style=\"border-style:none;border-width:0px\">Observation publique<\/h5>\n\n\n\n<p class=\"has-ast-global-color-5-background-color has-background\">D\u00e9couvrez ma programmation d&#8217;observations sur la plateforme Billet web. <\/p>\n\n\n\n<p class=\"has-ast-global-color-5-background-color has-background\" style=\"margin-top:-13px;margin-bottom:-13px\">Les tarifs sont : 15\u20ac par adulte, 7\u20ac par enfant (7 &#8211; 12 ans), gratuit pour les plus jeunes ; forfait famille \u00e0 30\u20ac.<\/p>\n<\/div>\n\n\n\n<div class=\"wp-block-column has-border-color has-ast-global-color-3-border-color has-ast-global-color-5-background-color has-background is-layout-flow wp-block-column-is-layout-flow\" style=\"border-width:1px\">\n<h2 class=\"wp-block-heading has-text-align-center has-ast-global-color-3-color has-text-color has-link-color has-large-font-size wp-elements-ee7bffe61e04ae500276a849733a10a7\" style=\"border-style:none;border-width:0px\">Observation priv\u00e9e<\/h2>\n\n\n\n<p class=\"has-ast-global-color-5-background-color has-background\">Vous cherchez une activit\u00e9 inspirante et unique ? Je vous accompagne dans une d\u00e9couverte des \u00e9toiles sur un lieu convenu proche de vous ou en Sud Morvan. Sollicitez moi pour discuter des d\u00e9tails, nous alignerons les plan\u00e8tes pour organiser une exp\u00e9rience unique. <\/p>\n<\/div>\n<\/div>\n\n\n\n<p><\/p>\n\n\n\n<p class=\"has-text-align-center has-ast-global-color-5-background-color has-background\">En cas de mauvais temps, mes lieux d&#8217;observation me permettent de proposer d&#8217;effectuer une randonn\u00e9e cr\u00e9pusculaire ou une conf\u00e9rence astroludique en remplacement de la soir\u00e9e d&#8217;observation.<\/p>\n","protected":false},"excerpt":{"rendered":"<p>Observations astronomiques Tout commence par un rendez-vous au coucher du soleil. Le temps que la nuit tombe, je pr\u00e9sente le [&hellip;]<\/p>\n","protected":false},"author":1,"featured_media":0,"parent":0,"menu_order":0,"comment_status":"closed","ping_status":"closed","template":"","meta":{"site-sidebar-layout":"default","site-content-layout":"","ast-site-content-layout":"","site-content-style":"default","site-sidebar-style":"default","ast-global-header-display":"","ast-banner-title-visibility":"","ast-main-header-display":"","ast-hfb-above-header-display":"","ast-hfb-below-header-display":"","ast-hfb-mobile-header-display":"","site-post-title":"disabled","ast-breadcrumbs-content":"","ast-featured-img":"","footer-sml-layout":"","theme-transparent-header-meta":"","adv-header-id-meta":"","stick-header-meta":"","header-above-stick-meta":"","header-main-stick-meta":"","header-below-stick-meta":"","astra-migrate-meta-layouts":"default","ast-page-background-enabled":"default","ast-page-background-meta":{"desktop":{"background-color":"var(--ast-global-color-4)","background-image":"","background-repeat":"repeat","background-position":"center center","background-size":"auto","background-attachment":"scroll","background-type":"","background-media":"","overlay-type":"","overlay-color":"","overlay-opacity":"","overlay-gradient":""},"tablet":{"background-color":"","background-image":"","background-repeat":"repeat","background-position":"center center","background-size":"auto","background-attachment":"scroll","background-type":"","background-media":"","overlay-type":"","overlay-color":"","overlay-opacity":"","overlay-gradient":""},"mobile":{"background-color":"","background-image":"","background-repeat":"repeat","background-position":"center center","background-size":"auto","background-attachment":"scroll","background-type":"","background-media":"","overlay-type":"","overlay-color":"","overlay-opacity":"","overlay-gradient":""}},"ast-content-background-meta":{"desktop":{"background-color":"var(--ast-global-color-5)","background-image":"","background-repeat":"repeat","background-position":"center center","background-size":"auto","background-attachment":"scroll","background-type":"","background-media":"","overlay-type":"","overlay-color":"","overlay-opacity":"","overlay-gradient":""},"tablet":{"background-color":"var(--ast-global-color-5)","background-image":"","background-repeat":"repeat","background-position":"center center","background-size":"auto","background-attachment":"scroll","background-type":"","background-media":"","overlay-type":"","overlay-color":"","overlay-opacity":"","overlay-gradient":""},"mobile":{"background-color":"var(--ast-global-color-5)","background-image":"","background-repeat":"repeat","background-position":"center center","background-size":"auto","background-attachment":"scroll","background-type":"","background-media":"","overlay-type":"","overlay-color":"","overlay-opacity":"","overlay-gradient":""}},"footnotes":""},"class_list":["post-356","page","type-page","status-publish","hentry"],"_links":{"self":[{"href":"https:\/\/clement-astroguide.fr\/index.php\/wp-json\/wp\/v2\/pages\/356","targetHints":{"allow":["GET"]}}],"collection":[{"href":"https:\/\/clement-astroguide.fr\/index.php\/wp-json\/wp\/v2\/pages"}],"about":[{"href":"https:\/\/clement-astroguide.fr\/index.php\/wp-json\/wp\/v2\/types\/page"}],"author":[{"embeddable":true,"href":"https:\/\/clement-astroguide.fr\/index.php\/wp-json\/wp\/v2\/users\/1"}],"replies":[{"embeddable":true,"href":"https:\/\/clement-astroguide.fr\/index.php\/wp-json\/wp\/v2\/comments?post=356"}],"version-history":[{"count":7,"href":"https:\/\/clement-astroguide.fr\/index.php\/wp-json\/wp\/v2\/pages\/356\/revisions"}],"predecessor-version":[{"id":406,"href":"https:\/\/clement-astroguide.fr\/index.php\/wp-json\/wp\/v2\/pages\/356\/revisions\/406"}],"wp:attachment":[{"href":"https:\/\/clement-astroguide.fr\/index.php\/wp-json\/wp\/v2\/media?parent=356"}],"curies":[{"name":"wp","href":"https:\/\/api.w.org\/{rel}","templated":true}]}}