{"id":424,"date":"2025-01-25T15:34:59","date_gmt":"2025-01-25T14:34:59","guid":{"rendered":"https:\/\/clement-astroguide.fr\/?page_id=424"},"modified":"2025-01-27T10:26:08","modified_gmt":"2025-01-27T09:26:08","slug":"mediation-sur-mesure","status":"publish","type":"page","link":"https:\/\/clement-astroguide.fr\/index.php\/mediation-sur-mesure\/","title":{"rendered":"M\u00e9diation sur mesure"},"content":{"rendered":"\n<h2 class=\"wp-block-heading has-text-align-center has-ast-global-color-3-color has-ast-global-color-5-background-color has-text-color has-background has-link-color wp-elements-af6f9138d55b92bfbb83cc2e532e0742\" style=\"font-size:26px\">M\u00e9diation sur mesure<\/h2>\n\n\n\n<div class=\"wp-block-group has-ast-global-color-5-background-color has-background is-layout-constrained wp-block-group-is-layout-constrained\">\n<p>Je r\u00e9alise des ateliers de m\u00e9diation pour le compte de structures mus\u00e9ales ou \u00e0 mon compte pour l&#8217;astronomie. Cette approche vari\u00e9e des sujets et des publics me permet d&#8217;\u00eatre polyvalent pour concevoir une m\u00e9diation sur mesure ou des exp\u00e9riences insolites.<\/p>\n\n\n\n<p><\/p>\n\n\n\n<p>Par mi mes projets en cours : <\/p>\n\n\n\n<ul class=\"wp-block-list\">\n<li>un audioguide sur un petit village avec itin\u00e9raire et sac d&#8217;aventurier pour les enfants ;<\/li>\n\n\n\n<li>un jeu collaboratif et immersif sur le th\u00e8me de l&#8217;exploration spatial ;<\/li>\n\n\n\n<li>un serious game pour ados pour d\u00e9bunker des fake news en astronomie. <\/li>\n<\/ul>\n<\/div>\n\n\n\n<div class=\"wp-block-group is-layout-constrained wp-block-group-is-layout-constrained\">\n<p class=\"has-text-align-center has-ast-global-color-3-color has-ast-global-color-5-background-color has-text-color has-background has-link-color wp-elements-c7a0c36f6ade320629f55db451b72c3e\">Si vous avez un projet, contactez-moi pour \u00e9changer et voir la faisabilit\u00e9. Je peux aussi me regrouper avec d&#8217;autres guides, m\u00e9diateurs ou artistes pour donner vie \u00e0 vos id\u00e9es !<\/p>\n<\/div>\n","protected":false},"excerpt":{"rendered":"<p>M\u00e9diation sur mesure Je r\u00e9alise des ateliers de m\u00e9diation pour le compte de structures mus\u00e9ales ou \u00e0 mon compte pour [&hellip;]<\/p>\n","protected":false},"author":1,"featured_media":0,"parent":0,"menu_order":0,"comment_status":"closed","ping_status":"closed","template":"","meta":{"site-sidebar-layout":"default","site-content-layout":"","ast-site-content-layout":"","site-content-style":"default","site-sidebar-style":"default","ast-global-header-display":"","ast-banner-title-visibility":"","ast-main-header-display":"","ast-hfb-above-header-display":"","ast-hfb-below-header-display":"","ast-hfb-mobile-header-display":"","site-post-title":"disabled","ast-breadcrumbs-content":"","ast-featured-img":"","footer-sml-layout":"","theme-transparent-header-meta":"","adv-header-id-meta":"","stick-header-meta":"","header-above-stick-meta":"","header-main-stick-meta":"","header-below-stick-meta":"","astra-migrate-meta-layouts":"default","ast-page-background-enabled":"default","ast-page-background-meta":{"desktop":{"background-color":"var(--ast-global-color-4)","background-image":"","background-repeat":"repeat","background-position":"center center","background-size":"auto","background-attachment":"scroll","background-type":"","background-media":"","overlay-type":"","overlay-color":"","overlay-opacity":"","overlay-gradient":""},"tablet":{"background-color":"","background-image":"","background-repeat":"repeat","background-position":"center center","background-size":"auto","background-attachment":"scroll","background-type":"","background-media":"","overlay-type":"","overlay-color":"","overlay-opacity":"","overlay-gradient":""},"mobile":{"background-color":"","background-image":"","background-repeat":"repeat","background-position":"center center","background-size":"auto","background-attachment":"scroll","background-type":"","background-media":"","overlay-type":"","overlay-color":"","overlay-opacity":"","overlay-gradient":""}},"ast-content-background-meta":{"desktop":{"background-color":"var(--ast-global-color-5)","background-image":"","background-repeat":"repeat","background-position":"center center","background-size":"auto","background-attachment":"scroll","background-type":"","background-media":"","overlay-type":"","overlay-color":"","overlay-opacity":"","overlay-gradient":""},"tablet":{"background-color":"var(--ast-global-color-5)","background-image":"","background-repeat":"repeat","background-position":"center center","background-size":"auto","background-attachment":"scroll","background-type":"","background-media":"","overlay-type":"","overlay-color":"","overlay-opacity":"","overlay-gradient":""},"mobile":{"background-color":"var(--ast-global-color-5)","background-image":"","background-repeat":"repeat","background-position":"center center","background-size":"auto","background-attachment":"scroll","background-type":"","background-media":"","overlay-type":"","overlay-color":"","overlay-opacity":"","overlay-gradient":""}},"footnotes":""},"class_list":["post-424","page","type-page","status-publish","hentry"],"_links":{"self":[{"href":"https:\/\/clement-astroguide.fr\/index.php\/wp-json\/wp\/v2\/pages\/424","targetHints":{"allow":["GET"]}}],"collection":[{"href":"https:\/\/clement-astroguide.fr\/index.php\/wp-json\/wp\/v2\/pages"}],"about":[{"href":"https:\/\/clement-astroguide.fr\/index.php\/wp-json\/wp\/v2\/types\/page"}],"author":[{"embeddable":true,"href":"https:\/\/clement-astroguide.fr\/index.php\/wp-json\/wp\/v2\/users\/1"}],"replies":[{"embeddable":true,"href":"https:\/\/clement-astroguide.fr\/index.php\/wp-json\/wp\/v2\/comments?post=424"}],"version-history":[{"count":2,"href":"https:\/\/clement-astroguide.fr\/index.php\/wp-json\/wp\/v2\/pages\/424\/revisions"}],"predecessor-version":[{"id":448,"href":"https:\/\/clement-astroguide.fr\/index.php\/wp-json\/wp\/v2\/pages\/424\/revisions\/448"}],"wp:attachment":[{"href":"https:\/\/clement-astroguide.fr\/index.php\/wp-json\/wp\/v2\/media?parent=424"}],"curies":[{"name":"wp","href":"https:\/\/api.w.org\/{rel}","templated":true}]}}